{"id":90,"date":"2020-01-02T16:45:10","date_gmt":"2020-01-02T15:45:10","guid":{"rendered":"http:\/\/hengstmanns.de\/WP\/?page_id=90"},"modified":"2025-07-17T13:02:33","modified_gmt":"2025-07-17T11:02:33","slug":"frank-hengstmann","status":"publish","type":"page","link":"https:\/\/hengstmanns.de\/WP\/frank-hengstmann\/","title":{"rendered":"Frank Hengstmann"},"content":{"rendered":"\n<p>geboren am 5. Januar 1956 &#8211; gestorben am 2. Dezember 2024<\/p>\n\n\n\n<p><\/p>\n\n\n\n<figure class=\"wp-block-table\"><table><tbody><tr><td>1961<\/td><td>\nIm Alter von 5 Jahren erster B\u00fchnenauftritt im Kinderkabarett &#8222;Die Kritik\u00fcsschen&#8220; von Vater Erich Hengstmann, dem Begr\u00fcnder des Kinderkabaretts der DDR.<\/td><\/tr><tr><td>1972<\/td><td>\nGr\u00fcndungsmitglied des Jugendkabaretts &#8222;Die Spottniks&#8220;<\/td><\/tr><tr><td>1981<\/td><td>\nTeilnahme am Interpretenwettbewerb und Gewinn der \nSilbermedaille<\/td><\/tr><tr><td>1982<\/td><td>\nModeration der Sendung &#8222;Die Burgparty&#8220; im Fersehen der DDR<\/td><\/tr><tr><td>1994<\/td><td>\nSoloprogramm &#8222;Gemeinsam sind wir unbezahlbar&#8220; im Magdeburger \nKabarett &#8222;Die Kugelblitze&#8220;<\/td><\/tr><tr><td>1995<\/td><td>\nEnsembleprogramm im freien Kabarett KGB (Kabarettgemeinschaft B\u00f6rde) \n&#8222;Reichtum sch\u00e4ndet nicht&#8220;<\/td><\/tr><tr><td>1996<\/td><td>\nDuoprogramm mit KGB &#8222;Mobbing Home&#8220;<\/td><\/tr><tr><td>1997<\/td><td>\nEnsembleprogramm mit KGB &#8222;Im Wesen nichts \nNeues!&#8220;<\/td><\/tr><tr><td>1998<\/td><td>\nEnsembleprogramm mit KGB &#8222;American Weh of \nLeid!&#8220;<\/td><\/tr><tr><td>1999<\/td><td>\nEnsembleprogramm mit KGB &#8222;Demokraten aller L\u00e4nder, verteidigt \neuch!&#8220;<\/td><\/tr><tr><td>2000<\/td><td>\nKabarettsoloprogramm &#8222;Reich mir zum Abschied noch einmal ne \nSpende&#8220; \n<br>\nmdr-Fernsehsendung &#8222;Hierzulande&#8220; \n<br>\nEnsembleprogramm mit KGB <br>&#8222;Sachsen-anhaltinische Sternstunden&#8220; &#8211; \nTeil I <\/td><\/tr><tr><td>\n2001<\/td><td>\nDuoprogramm mit Vera Feldmann <br>&#8222;Sachsen-anhaltinische \nSternstunden&#8220;- Teil II \n\nAm 26. \nOktober anl\u00e4sslich des 40-j\u00e4hrigen B\u00fchnenjubil\u00e4ums Premiere des Soloprogramms \n&#8222;GERmanisch depressiv&#8220;in der &#8222;Magdeburger Zwickm\u00fchle&#8220; \n<\/td><\/tr><tr><td>\n2002<\/td><td>\n\n\n\nEnsembleprogramm &#8222;Geschichten aus dem B\u00f6hmer Wald&#8220; \n\nDuoprogramm mit Vera Feldmann &#8222;M\u00fcckenplage&#8220; \n<\/td><\/tr><tr><td> 2003-2005<\/td><td>\n\nKabarettist und Autor beim Kabarett &#8222;Magdeburger \nZwickm\u00fchle&#8220;<\/td><\/tr><tr><td>\n2003<\/td><td>\n\n&#8222;Das \nSchweigen der H\u00e4mmer&#8220;<br>gemeinsam mit Vera Feldmann, Thomas \nM\u00fcller,<br>Kabarettist und Autor <\/td><\/tr><tr><td>\n2004<\/td><td>\n\n&#8222;Manche \nmogeln hei\u00df&#8220;<br>gemeinsam mit Vera Feldmann, Thomas M\u00fcller,<br>Kabarettist und \nAutor <\/td><\/tr><tr><td>\n2005-2008<\/td><td>\n\nGr\u00fcndungsmitglied, Kabarettist und Autor beim Kabarett &#8222;Denkzettel&#8220; \nMagdeburg <\/td><\/tr><tr><td>\n2005<\/td><td>\n\nKabarettprogramm &#8222;Feudal is muss! Oder: King komm!&#8220;<br>gemeinsam mit \nVera Feldmann, Thomas M\u00fcller,<br>Kabarettist und Autor <\/td><\/tr><tr><td>\n2006<\/td><td>\n\nKabarettprogramm &#8222;Kapital is muss! Oder: Wir haben uns \nverlassen!&#8220;<br>gemeinsam mit Vera Feldmann, Thomas M\u00fcller,<br>Kabarettist und \nAutor <\/td><\/tr><tr><td>\n2006<\/td><td>\n\nKabarettprogramm &#8222;Wenn die V\u00e4ter mit den S\u00f6hnen&#8220;<br>gemeinsam mit \nTobias Hengstmann, Sebastian Hengstmann, Thomas M\u00fcller, Johannes \nM\u00fcller,<br>Kabarettist und Autor <\/td><\/tr><tr><td>\n2007<\/td><td>\n\nKabarettprogramm &#8222;Wenn die V\u00e4ter mit den S\u00f6hnen Teil \nII&#8220;<br>gemeinsam mit Tobias Hengstmann, Sebastian Hengstmann, Thomas M\u00fcller, \nJohannes M\u00fcller,<br>Kabarettist und Autor <\/td><\/tr><tr><td>\n2007<\/td><td>\n\nKabarettprogramm &#8222;Sozial is muss! Oder: Den Rest kriegen wir \nsp\u00e4ter!&#8220;<br>gemeinsam mit Vera Feldmann, Thomas M\u00fcller,<br>Kabarettist und Autor \n<\/td><\/tr><tr><td>\nM\u00e4rz \n2008<\/td><td>\n\nGemeinsam mit Thomas M\u00fcller wurde ein eigener Spielbetrieb in der \n&#8222;DIE GR\u00dcNE ZITADELLE VON MAGDEBURG&#8220; er\u00f6ffnet.<\/td><\/tr><tr><td>\n2008<\/td><td>\n\nKabarettprogramm &#8222;Wir machen den Abflug&#8220;<br>gemeinsam mit Vera \nFeldmann, Thomas M\u00fcller,<br>Kabarettist und Autor \n<\/td><\/tr><tr><td>\nNov. \n2008<\/td><td>\n\nGemeinsam mit den S\u00f6hnen wir das Kabarett &#8222;..nach Hengstmanns&#8220; auf dem Breiten Weg in Magdeburg er\u00f6ffnet<\/td><\/tr><\/tbody><\/table><\/figure>\n\n\n<p>Der Rest ist Geschichte &#8230;<\/p>","protected":false},"excerpt":{"rendered":"<p>geboren am 5. Januar 1956 &#8211; gestorben am 2. Dezember 2024 1961 Im Alter von 5 Jahren erster B\u00fchnenauftritt im Kinderkabarett &#8222;Die Kritik\u00fcsschen&#8220; von Vater Erich Hengstmann, dem Begr\u00fcnder des Kinderkabaretts der DDR. 1972 Gr\u00fcndungsmitglied des Jugendkabaretts &#8222;Die Spottniks&#8220; 1981 Teilnahme am Interpretenwettbewerb und Gewinn der Silbermedaille 1982 Moderation der Sendung &#8222;Die Burgparty&#8220; im Fersehen &hellip;<br \/><a href=\"https:\/\/hengstmanns.de\/WP\/frank-hengstmann\/\" class=\"more-link pen_button pen_element_default pen_icon_arrow_double\">Continue reading <span class=\"screen-reader-text\">Frank Hengstmann<\/span><\/a><\/p>\n","protected":false},"author":1,"featured_media":2500,"parent":0,"menu_order":0,"comment_status":"closed","ping_status":"closed","template":"","meta":{"footnotes":""},"class_list":["post-90","page","type-page","status-publish","has-post-thumbnail","hentry"],"publishpress_future_action":{"enabled":false,"date":"2026-05-09 11:01:11","action":"change-status","newStatus":"draft","terms":[],"taxonomy":"","extraData":[]},"publishpress_future_workflow_manual_trigger":{"enabledWorkflows":[]},"_links":{"self":[{"href":"https:\/\/hengstmanns.de\/WP\/wp-json\/wp\/v2\/pages\/90","targetHints":{"allow":["GET"]}}],"collection":[{"href":"https:\/\/hengstmanns.de\/WP\/wp-json\/wp\/v2\/pages"}],"about":[{"href":"https:\/\/hengstmanns.de\/WP\/wp-json\/wp\/v2\/types\/page"}],"author":[{"embeddable":true,"href":"https:\/\/hengstmanns.de\/WP\/wp-json\/wp\/v2\/users\/1"}],"replies":[{"embeddable":true,"href":"https:\/\/hengstmanns.de\/WP\/wp-json\/wp\/v2\/comments?post=90"}],"version-history":[{"count":7,"href":"https:\/\/hengstmanns.de\/WP\/wp-json\/wp\/v2\/pages\/90\/revisions"}],"predecessor-version":[{"id":2671,"href":"https:\/\/hengstmanns.de\/WP\/wp-json\/wp\/v2\/pages\/90\/revisions\/2671"}],"wp:featuredmedia":[{"embeddable":true,"href":"https:\/\/hengstmanns.de\/WP\/wp-json\/wp\/v2\/media\/2500"}],"wp:attachment":[{"href":"https:\/\/hengstmanns.de\/WP\/wp-json\/wp\/v2\/media?parent=90"}],"curies":[{"name":"wp","href":"https:\/\/api.w.org\/{rel}","templated":true}]}}

<p>geboren am 5. Januar 1956 &#8211; gestorben am 2. Dezember 2024</p>



<p></p>



<figure class="wp-block-table"><table><tbody><tr><td>1961</td><td>
Im Alter von 5 Jahren erster Bühnenauftritt im Kinderkabarett &#8222;Die Kritiküsschen&#8220; von Vater Erich Hengstmann, dem Begründer des Kinderkabaretts der DDR.</td></tr><tr><td>1972</td><td>
Gründungsmitglied des Jugendkabaretts &#8222;Die Spottniks&#8220;</td></tr><tr><td>1981</td><td>
Teilnahme am Interpretenwettbewerb und Gewinn der 
Silbermedaille</td></tr><tr><td>1982</td><td>
Moderation der Sendung &#8222;Die Burgparty&#8220; im Fersehen der DDR</td></tr><tr><td>1994</td><td>
Soloprogramm &#8222;Gemeinsam sind wir unbezahlbar&#8220; im Magdeburger 
Kabarett &#8222;Die Kugelblitze&#8220;</td></tr><tr><td>1995</td><td>
Ensembleprogramm im freien Kabarett KGB (Kabarettgemeinschaft Börde) 
&#8222;Reichtum schändet nicht&#8220;</td></tr><tr><td>1996</td><td>
Duoprogramm mit KGB &#8222;Mobbing Home&#8220;</td></tr><tr><td>1997</td><td>
Ensembleprogramm mit KGB &#8222;Im Wesen nichts 
Neues!&#8220;</td></tr><tr><td>1998</td><td>
Ensembleprogramm mit KGB &#8222;American Weh of 
Leid!&#8220;</td></tr><tr><td>1999</td><td>
Ensembleprogramm mit KGB &#8222;Demokraten aller Länder, verteidigt 
euch!&#8220;</td></tr><tr><td>2000</td><td>
Kabarettsoloprogramm &#8222;Reich mir zum Abschied noch einmal ne 
Spende&#8220; 
<br>
mdr-Fernsehsendung &#8222;Hierzulande&#8220; 
<br>
Ensembleprogramm mit KGB <br>&#8222;Sachsen-anhaltinische Sternstunden&#8220; &#8211; 
Teil I </td></tr><tr><td>
2001</td><td>
Duoprogramm mit Vera Feldmann <br>&#8222;Sachsen-anhaltinische 
Sternstunden&#8220;- Teil II 

Am 26. 
Oktober anlässlich des 40-jährigen Bühnenjubiläums Premiere des Soloprogramms 
&#8222;GERmanisch depressiv&#8220;in der &#8222;Magdeburger Zwickmühle&#8220; 
</td></tr><tr><td>
2002</td><td>



Ensembleprogramm &#8222;Geschichten aus dem Böhmer Wald&#8220; 

Duoprogramm mit Vera Feldmann &#8222;Mückenplage&#8220; 
</td></tr><tr><td> 2003-2005</td><td>

Kabarettist und Autor beim Kabarett &#8222;Magdeburger 
Zwickmühle&#8220;</td></tr><tr><td>
2003</td><td>

&#8222;Das 
Schweigen der Hämmer&#8220;<br>gemeinsam mit Vera Feldmann, Thomas 
Müller,<br>Kabarettist und Autor </td></tr><tr><td>
2004</td><td>

&#8222;Manche 
mogeln heiß&#8220;<br>gemeinsam mit Vera Feldmann, Thomas Müller,<br>Kabarettist und 
Autor </td></tr><tr><td>
2005-2008</td><td>

Gründungsmitglied, Kabarettist und Autor beim Kabarett &#8222;Denkzettel&#8220; 
Magdeburg </td></tr><tr><td>
2005</td><td>

Kabarettprogramm &#8222;Feudal is muss! Oder: King komm!&#8220;<br>gemeinsam mit 
Vera Feldmann, Thomas Müller,<br>Kabarettist und Autor </td></tr><tr><td>
2006</td><td>

Kabarettprogramm &#8222;Kapital is muss! Oder: Wir haben uns 
verlassen!&#8220;<br>gemeinsam mit Vera Feldmann, Thomas Müller,<br>Kabarettist und 
Autor </td></tr><tr><td>
2006</td><td>

Kabarettprogramm &#8222;Wenn die Väter mit den Söhnen&#8220;<br>gemeinsam mit 
Tobias Hengstmann, Sebastian Hengstmann, Thomas Müller, Johannes 
Müller,<br>Kabarettist und Autor </td></tr><tr><td>
2007</td><td>

Kabarettprogramm &#8222;Wenn die Väter mit den Söhnen Teil 
II&#8220;<br>gemeinsam mit Tobias Hengstmann, Sebastian Hengstmann, Thomas Müller, 
Johannes Müller,<br>Kabarettist und Autor </td></tr><tr><td>
2007</td><td>

Kabarettprogramm &#8222;Sozial is muss! Oder: Den Rest kriegen wir 
später!&#8220;<br>gemeinsam mit Vera Feldmann, Thomas Müller,<br>Kabarettist und Autor 
</td></tr><tr><td>
März 
2008</td><td>

Gemeinsam mit Thomas Müller wurde ein eigener Spielbetrieb in der 
&#8222;DIE GRÜNE ZITADELLE VON MAGDEBURG&#8220; eröffnet.</td></tr><tr><td>
2008</td><td>

Kabarettprogramm &#8222;Wir machen den Abflug&#8220;<br>gemeinsam mit Vera 
Feldmann, Thomas Müller,<br>Kabarettist und Autor 
</td></tr><tr><td>
Nov. 
2008</td><td>

Gemeinsam mit den Söhnen wir das Kabarett &#8222;..nach Hengstmanns&#8220; auf dem Breiten Weg in Magdeburg eröffnet</td></tr></tbody></table></figure>


<p>Der Rest ist Geschichte &#8230;</p>

<p>geboren am 5. Januar 1956 &#8211; gestorben am 2. Dezember 2024 1961 Im Alter von 5 Jahren erster Bühnenauftritt im Kinderkabarett &#8222;Die Kritiküsschen&#8220; von Vater Erich Hengstmann, dem Begründer des Kinderkabaretts der DDR. 1972 Gründungsmitglied des Jugendkabaretts &#8222;Die Spottniks&#8220; 1981 Teilnahme am Interpretenwettbewerb und Gewinn der Silbermedaille 1982 Moderation der Sendung &#8222;Die Burgparty&#8220; im Fersehen &hellip;<br /><a href="https://hengstmanns.de/WP/frank-hengstmann/" class="more-link pen_button pen_element_default pen_icon_arrow_double">Continue reading <span class="screen-reader-text">Frank Hengstmann</span></a></p>
